prime factors of g.
3, 61
Let f(w) be the first derivative of -w**3/3 - 5*w**2 - 31*w - 6. Let r be f(-9). Let z(a) = -a**3 - 23*a**2 - 25*a + 9. List the prime factors of z(r).
3, 5
Let o(s) = 65*s - 471. List the prime factors of o(100).
6029
Let p(t) = -t**2 + 4*t + 7. Let f = 27 + -28. Let x(j) = j**2 + j - 1. Let k(q) = f*p(q) + 2*x(q). List the prime factors of k(-4).
47
Suppose -n = -4*o - 67157, -182*n + 134230 = -180*n + 4*o. List the prime factors of n.
67129
Suppose -41212 = 55*y - 190042. What are the prime factors of y?
2, 3, 11, 41
Suppose 9 = -2*d + 19. Suppose -d*l + 2067 = -2*w, l - 3*l - 4*w = -846. List the prime factors of l.
5, 83
Suppose 6*l + 31*l - 703 = 0. Let n(y) = -7*y**2 + 19*y + 10. Let h(j) = 6*j**2 - 20*j - 11. Let a(m) = -6*h(m) - 5*n(m). List the prime factors of a(l).
2, 5, 13
Let b = 15111 + -6029. List the prime factors of b.
2, 19, 239
Suppose 3*y = -3*u + 29226, 0*u + 3*y + 48670 = 5*u. Suppose u = 17*x - 4*x. List the prime factors of x.
7, 107
Let q = -351 - -344. What are the prime factors of 704 - (q + 1 - -6)?
2, 11
Let k = -2 - 3. Let m be 81/k + (-3)/(-15). Let y = 22 - m. List the prime factors of y.
2, 19
Suppose -2*n + n = -8. Let s be 2/n - 184/(-32). Suppose -5*b - 56 = -3*l - 365, -3*l = -s. List the prime factors of b.
3, 7
Suppose -258*o + 529243 = -511*o + 264*o. What are the prime factors of o?
13, 3701
Suppose 532 = -3*w + 7*w. Let n = 10 + w. List the prime factors of n.
11, 13
Let z = 13487 - 2362. List the prime factors of z.
5, 89
Let r = 10715 - 2955. Suppose -167*h = -162*h - r. List the prime factors of h.
2, 97
Let x = 37 + -49. Let h(b) = b**3 + 11*b**2 - 18*b - 18. Let i be h(x). Let t = -14 + i. What are the prime factors of t?
2, 5
Suppose 19*z + 161 = 199. Suppose 2*f + 8342 = -10*m + 15*m, 2*f - 3348 = -z*m. What are the prime factors of m?
2, 5, 167
Let k be ((-3)/(-9) - -1)/((-8)/(-90)). List the prime factors of (18/k)/((-5)/(-525)).
2, 3, 7
Suppose -32245 = -3*f - 5*t, t - 36131 = -3*f - 3870. List the prime factors of f.
3, 5, 239
Let h(x) = 3*x**2 + 239*x - 1575. What are the prime factors of h(-108)?
3, 5, 13
Let j = -11 + 13. Let v be (5370/35)/1 - 16/(-28). Suppose v = 5*t + j*t. List the prime factors of t.
2, 11
Let r(d) = -23259*d**3 + d**2 + 220*d + 218. What are the prime factors of r(-1)?
2, 29, 401
Let j(n) = -17*n - 16. Suppose 2 = w - 5*o, -5*o + 2*o - 61 = 2*w. Let t be j(w). Suppose t = 2*u + 7. What are the prime factors of u?
2, 23
Let w = 51 - 33. Suppose 4*o + w + 10 = 4*f, -f + 4*o + 19 = 0. Suppose 4*m - 3 = 5*m, -4*y + 599 = f*m. List the prime factors of y.
2, 19
Let i(g) = 175*g**2 - 22*g - 277. List the prime factors of i(-10).
17443
Let f = -31 + 34. Suppose -f*w - q - 43 = 79, -w - q - 42 = 0. What are the prime factors of (w/(-25))/((-2)/(-50))?
2, 5
What are the prime factors of 64498/(-5)*-4 + (13 - 2170/175)?
51599
Let h = 169170 - 112521. List the prime factors of h.
3, 23, 821
Let o(r) = -r**2 - 42*r - 16. Let c(x) = -8*x - 161*x - 3*x**2 - 8 + 0*x**2 - 57. Let w(p) = 2*c(p) - 9*o(p). What are the prime factors of w(-18)?
2, 7, 19
Let r(x) = -x**2 + 16*x - 10. Let v be r(15). Let y(s) = 306*s + 56. What are the prime factors of y(v)?
2, 13, 61
Let n = -17040 + 30304. List the prime factors of n.
2, 829
Let d be 1/(-2) - (-66)/(-12). Let g be ((-2)/4)/(1/d). Suppose 2*t = -g*t + 430. What are the prime factors of t?
2, 43
Let x(d) be the third derivative of 2*d**5/15 + d**4/12 - 11*d**3/6 + 223*d**2. Let q(i) = -i + 4. Let p be q(8). List the prime factors of x(p).
109
Let r(q) = -q**3 + 102*q + 20*q**2 + 24 + 3*q - 35*q - 21*q - 7*q. List the prime factors of r(18).
2, 3, 7, 17
Let h = -442 + 452. Suppose -h*t + 0*t = -8960. List the prime factors of t.
2, 7
Let u(w) = -w**3 + 9. Let j be u(0). Suppose 288 = j*n - 972. Suppose 0 = -2*k + 10*t - 6*t + 58, 4*k + 4*t = n. List the prime factors of k.
3, 11
Let j(y) = 2*y**2 + 33*y - 57. Let m be j(-24). Let q = m - 125. What are the prime factors of q?
2, 89
Suppose r = 4*k + 21692, -19097 = -3*r + 3*k + 45925. What are the prime factors of r?
2, 5417
Let r = 38574 + -25575. What are the prime factors of r?
3, 7, 619
Suppose -40*w + 620 = -740. Suppose -w*z + 452 = -33*z. What are the prime factors of z?
2, 113
Suppose -28 = -4*o + 4*a, 3*a + 3 = 4*o + 4*a. Let v(b) = 237*b - 26. What are the prime factors of v(o)?
2, 7
Let d(c) = 27*c - 2. Let b be d(1). Suppose -9*f = -b - 11. Suppose -5*y + 2*z - 158 = -660, -f*z + 322 = 3*y. List the prime factors of y.
2, 3, 17
Let v = -121 - -152. Let k(i) = -6 + 15 - v*i + 16. List the prime factors of k(-6).
211
Let p = 4056 - -4969. List the prime factors of p.
5, 19
Let s(q) = 3963*q - 1086. List the prime factors of s(4).
2, 3, 23, 107
Suppose -3*p + 75995 = 5*j, -63940 + 13265 = -2*p - j. What are the prime factors of p?
2, 5, 7, 181
List the prime factors of (-7 + (-7217)/(-21))*15/10.
5, 101
Suppose 0 = -32823*i + 32818*i + 33305. List the prime factors of i.
6661
Suppose 144*a = 138*a - 16614. Let g = -1870 - a. What are the prime factors of g?
29, 31
Let x(y) = y**3 + 9*y**2 + 11*y - 7. Let i be x(-7). Suppose u = -u + 2*r - i, -u + 2*r = 9. What are the prime factors of (-10)/u + 46 - 1?
47
What are the prime factors of (-8)/12*1*12930/20*-1?
431
Let q(y) = 62*y**2 - 4*y - 5. Suppose -5 = 5*z, -4*u = -6*z + 3*z + 1. List the prime factors of q(u).
61
Let h = 1108 - -1184. Suppose -3*g = 5*w - 2057, -2*w - h = -4*g + 468. What are the prime factors of g?
13, 53
Let g(q) = 3*q**3 + 3*q**2 + 156*q - 1828. What are the prime factors of g(11)?
2, 1061
Let v = -607 + 599. List the prime factors of ((-2)/3)/(v/1752).
2, 73
Let p be 85 - (4 - (2 - 0)). Let d be (-2)/(30/(-1195)) - 14/273*13. Suppose 588 = -d*k + p*k. What are the prime factors of k?
3, 7
Let d(t) = -29*t - 30. Let f = 279 - 298. List the prime factors of d(f).
521
Let z(s) = -7 - 11 - 28 - 26*s - 17*s. Let d be z(-13). Suppose -547 - d = -10*r. List the prime factors of r.
2, 53
Let w(x) be the third derivative of 0*x + 0 - 1/4*x**4 - x**3 + 1/20*x**5 + 16*x**2. List the prime factors of w(-4).
2, 3, 11
Let v(f) = 136*f**2 - 32*f + 168. What are the prime factors of v(7)?
2, 7, 59
Suppose 0*n - 3*n + 4*x + 1976 = 0, -1299 = -2*n - x. Suppose n = -16*t + 3612. List the prime factors of t.
5, 37
Suppose 3*p + 1690 = -s, 0 = -3*p - 0*s - 2*s - 1688. List the prime factors of 3/(((-9)/p)/1).
2, 47
Let n(x) = 33*x + 71. Let c(d) = 17*d + 36. Let w(a) = -5*c(a) + 3*n(a). Let t be w(-7). Let l = t + 273. List the prime factors of l.
2, 13
Suppose 0 = -68*j + 306985 + 280331. List the prime factors of j.
3, 2879
Let z = -263 + 167. Let y = 136 - z. What are the prime factors of y?
2, 29
Let t(n) = -23 - 78*n + 8 - 13*n - 3*n. List the prime factors of t(-4).
19
Let r = -18 - -21. Suppose -245*l + 243*l + 160 = 0. Suppose l = b - 0*b + r*y, 5*b + 2*y = 426. What are the prime factors of b?
2, 43
Suppose -3*n - 828 = -0*n. Suppose -479 = 3*w + g, 0 = w + 2*g + 94 + 69. Let f = w - n. List the prime factors of f.
3, 13
Let x(r) = 197*r + 4. Let n be x(1). Let s = -39 + n. Let d = 67 + s. List the prime factors of d.
229
Suppose 5*i + 40 = -0*i - z, -i - 32 = 5*z. Let t(q) = -14*q + 11. What are the prime factors of t(i)?
109
Suppose -61439 - 341002 = -39*z. What are the prime factors of z?
17, 607
Let p = 210 - 162. What are the prime factors of ((-36)/8)/(-3)*3520/p?
2, 5, 11
Suppose 630*i + 380 = 640*i. Let l be (-1)/(2/(-198) - 0). Suppose 2*f + f = -2*y + l, f - i = y. What are the prime factors of f?
5, 7
Suppose -38849 + 4865 = -24*v. List the prime factors of v.
2, 3, 59
Let w(t) = 7*t + 13. Let i be w(2). Suppose i*x = 24*x + 792. List the prime factors of x.
2, 3, 11
Suppose -3*t - 5*s - 599 = -21306, 0 = 4*t + 5*s - 27606. List the prime factors of t.
6899
Suppose -x + 2*l = -3*x + 37696, 5*x - 94192 = 3*l. What are the prime factors of x?
2, 9421
Let d(s) = 66*s**3 - 2*s**2 + 6*s - 16. Let k be d(3). Suppose -11*j + 5517 = k. List the prime factors of j.
11, 31
Suppose -491*n + 497*n - 13236 = 0. Let f = n + -1492. List the prime factors of f.
2, 3, 7, 17
Let f(k) = 2205*k**2 - 18*k + 51. What are the prime factors of f(4)?
3, 7, 23, 73
Let j(g) = -98*g - 15. Let w be j(-6). 